ermine u(y).
24
Let a(x) = -1 + 5 + x + 3 - 3. Let n = 4 + -4. Suppose 4*i + 21 = -3*p, n*i + i + 2*p = -9. Give a(i).
1
Let y(x) = 4*x - 1. Let q be (-4)/(-6)*(-66)/44. What is y(q)?
-5
Let q(d) be the second derivative of d**5/120 - d**4/12 - d**3 - 6*d. Let v(k) be the second derivative of q(k). Determine v(7).
5
Let m(d) = -d**2 - 3*d - 2. Let n = 0 - -2. Let o be n - 3*6/9. Let i be -5*((-4)/(-10) - o). Calculate m(i).
0
Let h = 3 + -1. Let m = h - -4. Suppose -3*q + 0 = m. Let f(l) = -l**3 - 3*l**2 + 2. What is f(q)?
-2
Let r(i) = -i - 8. Let f be 0 + (-1 - (0 - -5)). What is r(f)?
-2
Let o(p) = -p**3 - 6*p**2 + 2*p. Let b(g) = -2*g**3 - 13*g**2 + 3*g. Let t(k) = 3*b(k) - 7*o(k). Determine t(-4).
4
Let b(p) = 5*p - 4*p - 2*p + 7 - 2. Let n be b(8). Let j(x) = -4*x - 2. Give j(n).
10
Let c(a) = a**3 - 5*a**2 + 3*a - 2. Suppose -6 = -p - 2*p - b, 2*b = -p + 7. Suppose -p = -x + 3. Give c(x).
-6
Let q(l) = 6*l + 2*l**2 - 2*l**2 + 4*l**2 - l**3 - l + 1. Let i be q(5). Let a(p) = -6*p + 1. Calculate a(i).
-5
Let b be 1/(-5) - (-1)/5. Let w(x) = -4*x + 2*x - 4*x + 1 + 5*x. Calculate w(b).
1
Let i(f) = -f**3 - f + 17. Let k be i(0). Let y = 0 - -4. Suppose 0 = y*s + 3*c + k, -s - 5*c = -5*s - 25. Let n(w) = w**2 + 3*w - 2. What is n(s)?
8
Let r be (-3 - -1) + 0 + 2. Suppose -u - 30 = -6*u. Let i(s) = 4*s**2 - 6*s**2 + s**2 + 0 - u. What is i(r)?
-6
Let s = 9 - 6. Let a(b) = 2*b. Let d(q) = -q. Let r(v) = 2*a(v) + 5*d(v). Calculate r(s).
-3
Let i(w) = -w**2 + 5*w - 6. Let m be i(4). Let d(g) be the second derivative of g**3/3 + 3*g**2/2 + 11*g. Determine d(m).
-1
Let q(x) = -x**2 - x + 2. Let d = 76 - 76. Give q(d).
2
Let s = 77/4 - 19. Let o(n) be the first derivative of -6*n - 1/2*n**2 + 5/3*n**3 + s*n**4 - 3. What is o(-5)?
-1
Let w(c) = c**3 - 5*c**2 + c - 7. Let u be (4/(-6))/((-2)/24). Let d = 11 - u. Let x be (d/(-6))/1*-10. Give w(x).
-2
Let x(h) = -h**2 - 6*h - 3. Suppose -5*z + 5*f = 20, 0 = 4*z - 3*z + 5*f + 10. Determine x(z).
2
Let i(k) be the second derivative of k**6/120 + k**5/15 - 5*k**4/24 + 2*k**3/3 + k**2/2 + 4*k. Let o(c) be the first derivative of i(c). What is o(-5)?
4
Let u(k) be the second derivative of -k**4/12 - 7*k**3/6 - 10*k. Determine u(-6).
6
Let a(c) = c - 7. Let j = 5 - 5. Calculate a(j).
-7
Let u(j) = j - 9. Let h(v) = 2*v - 18. Let t(f) = -2*h(f) + 5*u(f). Give t(7).
-2
Let p(n) = n**2 + 3*n - 4. Let q = 5 + -8. Let s = q - -6. Suppose s*t + 4 = -t, -2*t = -2*u - 6. Determine p(u).
0
Suppose 2*z = 3*b - 8*b + 20, -5*b + 15 = z. Let a(q) = -5*q**2 + q - 1. Determine a(b).
-19
Let d(t) = 5*t**2 - 2*t. Let b(o) = -14*o**2 + 6*o - 1. Let l(a) = 4*b(a) + 11*d(a). Give l(3).
-7
Let p(v) = -7*v + 3. Let q(d) = -15*d + 7. Let s(u) = -14*p(u) + 6*q(u). Give s(1).
8
Let k(q) = q**2 - 3*q + 2. Let u be k(3). Suppose u - 14 = 4*r. Let v(o) = o. Give v(r).
-3
Let p(o) = o**2 + 5*o + 2. Let d = -53 - -45. Determine p(d).
26
Let s be (-95)/20 + 1/(-4). Let z = s + 5. Suppose -2*g + 5*g = z. Let h(y) = y**3 + y**2 + y + 9. Determine h(g).
9
Let j be 9/3*(2 + -1). Let v(k) be the first derivative of 3/2*k**2 + 3*k - 1 - 1/3*k**j. Calculate v(5).
-7
Let u(z) = -z**2 + 10*z - 7 - 7*z - 7*z + 2*z**2. Let o = 2 + 3. What is u(o)?
-2
Let c(a) be the third derivative of -1/60*a**5 + 0 + 0*a + 1/6*a**3 + 1/12*a**4 + 6*a**2. Calculate c(4).
-7
Let h(k) = 4*k - 3. Let s(n) = 6 + 1 + 3 - 2 - n. Let l be s(6). Suppose -l = z - 4. Determine h(z).
5
Let b(p) = -66*p**2 + 27. Let y(q) = -5*q**2 + 2. Let g(m) = -2*b(m) + 27*y(m). Determine g(-1).
-3
Let g(a) = a + 7. Let d be 13/(-2) - (-3)/6. Give g(d).
1
Let g(v) = v**3 + 2*v**2 - 2*v + 1. Let q be g(1). Let o be 1/((q + -1)*1). Let j(k) = k**2 + 2*k - 2*k + o - k + k**3 - 2*k**2. What is j(0)?
1
Let o(w) = w + 8. Let a = 12 - 9. Suppose 4*j = -g + 6, a*g + 2*j - 12 = g. Suppose -2*t + g*t - 25 = -5*n, -n + 5 = -t. What is o(t)?
8
Let h(x) = x**3 + 4*x**2 + 2*x + 1. Let v be h(-2). Suppose 12 = 3*u + 3*j, 4*u - 2*j = -0*j + 28. Let q(f) = -2*f + 6*f - 3*f - u. Give q(v).
-1
Let h(v) = -4 + 2*v + 0 - 3*v - v**2 + 2. Calculate h(-2).
-4
Let c(r) = r**2 + 7*r. Let q(k) = -3*k**2 - 20*k. Let x(d) = 17*c(d) + 6*q(d). Let w(m) = 2*m**2 - 2*m. Let l(h) = -w(h) - 3*x(h). Determine l(-6).
6
Let x be (-2)/(-1) + 6/(-4). Let i(o) be the third derivative of x*o**3 + 1/12*o**4 + 0 + 0*o - 1/30*o**5 + 4*o**2 - 1/120*o**6. What is i(-2)?
-1
Suppose -14 = -4*w - 2*i, -i + 14 = 5*w - 5. Suppose 2*p + 5*x + 5 = 17, w = x. Let t(q) = q**2 + 4*q + 5. What is t(p)?
5
Let w(l) = l + 2. Let o(s) = 2*s + 3. Let a(m) = -4*o(m) + 7*w(m). Let z = 4 + 0. Calculate a(z).
-2
Let f(m) = 2*m - 8. Let z be f(8). Let o be (-6)/z - (-57)/12. Let j(t) = -t**2 - t**3 + o - 3*t**2 - 6*t + 5*t. Determine j(-3).
-2
Let m(s) = -9*s**2 + 1. Suppose 4*b + 1 = d, -2*b = -5*d - 5 + 28. Suppose 3*g = 2*g - b. Determine m(g).
-8
Let w = -2 - 0. Let v(x) = -x**3 - 3*x**2 - 4*x - 2. Let r be v(w). Let b(s) = 5 - 4 - s**2 - 2. What is b(r)?
-5
Let a(i) = -i + 8. Let n be a(7). Let m(o) = -2*o - 9*o**2 - o**3 + 0 - n + 6*o**2. What is m(-2)?
-1
Let r(k) = k**3 + 2*k**2. Let v be r(-3). Let f be (9/(-3))/(v/6). Let l(o) = 4*o - 1. Calculate l(f).
7
Let o be (3/4)/((-1)/4). Let n(b) = -9*b + 5. Let f(g) = 6*g - 3. Let x(r) = 8*f(r) + 5*n(r). Give x(o).
-8
Let b(n) be the third derivative of -n**7/630 - n**6/240 - n**5/120 + n**4/8 - 2*n**2. Let q(h) be the second derivative of b(h). What is q(-2)?
-11
Let c(f) = f**2 - 10*f + 8. Let v = -30 - -39. Give c(v).
-1
Let x(u) = -u**3 - 7*u**2 + 10*u + 12. Suppose -16 = 2*h - 0*h. Let c be x(h). Let n(i) = i**3 + 3*i**2 - 6*i - 2. What is n(c)?
6
Let w(s) = -s + 5. Let y be w(2). Let d be (-8)/6*3/(-2). Let x = y - d. Let l(a) = 5*a + 1. What is l(x)?
6
Let z(m) be the third derivative of -m**4/24 - m**3/6 - 18*m**2. Give z(2).
-3
Suppose 7 = 4*d - 25. Let g be (-4)/d - 11/2. Let u(k) = k + 12. Give u(g).
6
Let b(f) = 21*f**2 - 36*f + 36. Let y(n) = -3*n**2 + 5*n - 5. Let h(l) = -2*b(l) - 15*y(l). Calculate h(2).
9
Let l(z) = 2*z**2 - 7*z + 7. Let g(w) = w**2 - 3*w + 3. Let q(s) = 5*g(s) - 2*l(s). What is q(1)?
1
Let c(w) = 8*w**2 + 18*w - 20. Let v(y) = -3*y**2 - 6*y + 7. Let m(u) = 4*c(u) + 11*v(u). Suppose 2*f = 2 + 6. Give m(f).
5
Let v be (-15 - 0)*(-6)/18. Let u be 2 + (3 - v) - 4. Let c(g) = g**2 + g - 5. Determine c(u).
7
Let m(n) = -n**2 + 15*n + 3. Let y(k) = -k**2 + 22*k + 5. Let j(b) = 7*m(b) - 5*y(b). Give j(-3).
-7
Let m be -3 + 2 + 2 - 1. Let t(d) = d. Let z(h) = -4*h + 4. Let k(s) = -3*t(s) - z(s). Let r(o) = -3*o + 13. Let n(u) = -7*k(u) - 2*r(u). Determine n(m).
2
Let y(z) be the third derivative of -z**4/24 + 13*z**3/6 + 10*z**2. Let l(q) = 2*q**3 - 3*q**2 + q. Let p be l(2). Calculate y(p).
7
Let t(g) = -g**3 - 6*g**2 + 7*g + 6. Suppose 24*k - 20*k + 28 = 0. What is t(k)?
6
Let l = -8 + 8. Let h(v) = l*v - v - v + 3*v - 5*v**2. Determine h(1).
-4
Let i(j) = -18*j - 17*j + 36*j - 10. Give i(0).
-10
Let u(m) = -6*m + 1. Let a(k) = k - 1. Let b(v) = -10*a(v) - 2*u(v). What is b(-6)?
-4
Let g(t) be the second derivative of t**3/6 - 7*t**2/2 - 4*t + 7. Let k be (2/5)/((-1)/(-15)). Let r = k - 1. Calculate g(r).
-2
Suppose -2*d - 4 = -6*d. Let m(y) = -y - d - 3 + y + y. Let q = -5 - -10. What is m(q)?
1
Let a(r) = -r**3 - 7*r**2 - 7*r - 8. Let k(b) = -b**3 - 5*b**2 - 2. Let v be k(-5). Let o be 12*-1*(-1)/v. What is a(o)?
-2
Let n(z) be the second derivative of -z**5/20 - z**4/12 + z**3/6 - 2*z**2 + z. Suppose -2*g = -5*x + 10, 4*x + 14 = -4*g - 6. What is n(x)?
-4
Let d = -48 - -27. Let z = 20 + d. Let t(a) = -5*a - 1. Give t(z).
4
Let z be 2/(-4) - (-45)/(-10). Let r(t) = -t + 2. Give r(z).
7
Let h(r) = -r**3 - 6*r**2 - 12*r + 2. Let k(m) = -m**3 - 6*m**2 - 11*m + 2. Let l(j) = 6*h(j) - 7*k(j). Determine l(-4).
10
Let b(u) be the third derivative of u**4/24 + 2*u**3 - 9*u**2. Give b(-5).
7
Let g(l) = l**3 - l - 4. Let t be g(0). Let x(c) = -2*c - 3. Let u be x(-4). Let f(v) = -4*v - 1 + 0*v - v**3 - u*v**2 + 2. Determine f(t).
1
Let c be ((-87)/2)/((-6)/8). Let y = 41 - c. Let o(h) = -3*h**3 - 3*h + 7. Let b(p) = p**3 + p - 2. Let q(m) = y*b(m) - 6*o(m). Calculate q(0).
-8
Let q = -3 - -10. Let f(p) = 1 - 3*p - q - 1 + 2. Calculate f(-6).
13
Let x(f) = 4*f**3 - 3*f**3 + f**2 + 